{"id":37,"date":"2020-05-13T18:23:28","date_gmt":"2020-05-13T18:23:28","guid":{"rendered":"https:\/\/www.i3a.uclm.es\/louise_w\/?page_id=37"},"modified":"2025-07-28T18:14:50","modified_gmt":"2025-07-28T18:14:50","slug":"former-phds","status":"publish","type":"page","link":"https:\/\/www.i3a.uclm.es\/louise_w\/?page_id=37","title":{"rendered":"Former PhDs"},"content":{"rendered":"<p>[et_pb_section fb_built=\u00bb1&#8243; admin_label=\u00bbsection\u00bb _builder_version=\u00bb4.16&#8243; _module_preset=\u00bbe588ada1-9cc8-4bc6-99f6-724cd5ac40a8&#8243; global_colors_info=\u00bb{}\u00bb][et_pb_row admin_label=\u00bbrow\u00bb _builder_version=\u00bb4.16&#8243; background_size=\u00bbinitial\u00bb background_position=\u00bbtop_left\u00bb background_repeat=\u00bbrepeat\u00bb width=\u00bb73.8%\u00bb global_colors_info=\u00bb{}\u00bb][et_pb_column type=\u00bb4_4&#8243; _builder_version=\u00bb4.16&#8243; custom_padding=\u00bb|||\u00bb global_colors_info=\u00bb{}\u00bb custom_padding__hover=\u00bb|||\u00bb][et_pb_text admin_label=\u00bbText\u00bb _builder_version=\u00bb4.16&#8243; background_size=\u00bbinitial\u00bb background_position=\u00bbtop_left\u00bb background_repeat=\u00bbrepeat\u00bb global_colors_info=\u00bb{}\u00bb]<\/p>\n<h1>Former PhDs now in other Institutions<\/h1>\n<p><strong><a href=\"https:\/\/orcid.org\/Beatriz Garc\u00eda-Mart\u00ednez\">Alejandro Moya Moya<\/a><\/strong><\/p>\n<blockquote>\n<p>Institution: Universidad Aut\u00f3noma de Madrid<br \/>Albacete, Spain<br \/>Thesis title: <span>\u00abGeneraci\u00f3n Inteligente de Actividades de Telerehabilitaci\u00f3n Basada en Modelos<\/span>\u00ab<br \/>Date: December 2024<br \/>Advisors: Elena Mar\u00eda Navarro Mart\u00ednez and Francisco Javier J\u00e1en Mart\u00ednez<span style=\"font-size: 14px;\">\u00a0<\/span><\/p>\n<\/blockquote>\n<p><strong><a href=\"https:\/\/www.lifia.info.unlp.edu.ar\/personal\/rodriguez-andres\/\">Andr\u00e9s Rodr\u00edguez<\/a><\/strong><\/p>\n<blockquote>\n<p>Institution: LIFIA, Facultad de Inform\u00e1tica, Universidad de La Plata<br \/>La Plata, Argentina<br \/>Thesis title: \u201cBocetado de interacciones enactivas.\u201d<br \/>Date: November 2019<br \/>Advisors: Gustavo Rossi, Pascual Gonz\u00e1lez L\u00f3pez<\/p>\n<\/blockquote>\n<p><strong><\/strong><\/p>\n<p><strong><a href=\"https:\/\/es.linkedin.com\/in\/chapujose\">Miguel Oliver Segovia<\/a><\/strong><\/p>\n<blockquote>\n<p>Company: INORME S. L.<br \/>Barcelona, Spain<br \/>Thesis title: \u201cInteracci\u00f3n multisensorial sin cables en entornos inteligentes de rehabilitaci\u00f3n\u201d<br \/>Date: January 2019<br \/>Advisors: Pascual Gonz\u00e1lez L\u00f3pez, Jos\u00e9 Pascual Molina Mass\u00f3<\/p>\n<\/blockquote>\n<p><strong><a href=\"https:\/\/cio.edu.umh.es\/investigadores\/enrique\/\">Enrique Lazcorreta Puigmart\u00ed<\/a><\/strong><\/p>\n<blockquote>\n<p>Institution: Universidad Miguel Hern\u00e1ndez<br \/>Elche, Spain<br \/>Thesis title: \u201cAn\u00e1lisis de cat\u00e1logos robustos desde la perspectiva de la miner\u00eda de reglas de asociaci\u00f3n\u201d<br \/>Date: September 2017<br \/>Advisors: Federico Botella Bevia, Antonio Fern\u00e1ndez Caballero<\/p>\n<\/blockquote>\n<p><strong><a href=\"https:\/\/es.linkedin.com\/in\/cristina-roda-s%C3%A1nchez-4676a791\">Cristina Roda S\u00e1nchez<\/a><\/strong><\/p>\n<blockquote>\n<p>Institution: Junta de Comunidades de Castilla-La Mancha<br \/>Albacete, Spain<br \/>Thesis title: \u201cA proposal for adaptation in e-health environments\u201d<br \/>Date: July 2017<br \/>Advisors: V\u00edctor L\u00f3pez Jaquero and Elena Navarro Mart\u00ednez<\/p>\n<\/blockquote>\n<p><strong><a href=\"https:\/\/www.dlsi.ua.es\/eines\/membre.cgi?id=cas&amp;nom=materuel\">Miguel \u00c1ngel Teruel Mart\u00ednez<\/a><\/strong><\/p>\n<blockquote>\n<p>Institution: Universidad de Alicante<br \/>Alicante, Spain<br \/>Thesis title: \u201cImproving collaborative post-wimp systems through requirements specification\u201d<br \/>Date: September 2016<br \/>Advisors: Pascual Gonz\u00e1lez L\u00f3pez, Elena Navarro Mart\u00ednez<\/p>\n<\/blockquote>\n<p><strong><a href=\"https:\/\/www.lifia.info.unlp.edu.ar\/personal\/rivero-jose-matias\/\">Jose Mat\u00edas Rivero<\/a><\/strong><\/p>\n<blockquote>\n<p>Institution: Conicet. LIFIA, Facultad de Inform\u00e1tica, Universidad de La Plata<br \/>La Plata, Argentina<br \/>Thesis title: \u201cMockup-driven Development: Introduciendo agilidad en procesos basados en modelos\u201d<br \/>Date: March 2015<br \/>Advisors: Silvia Gordillo, Gustavo Rossi, Francisco Montero Simarro<\/p>\n<\/blockquote>\n<p><strong><a href=\"https:\/\/es.linkedin.com\/in\/juan-serrano-cuerda-66487013\">Juan Serrano Cuerda<\/a><\/strong><\/p>\n<blockquote>\n<p>Company: TECON S.L.<br \/>Albacete, Spain<br \/>Thesis title: \u201cRobust human detection through fusion of color and infrared video\u201d<br \/>Date: July 2014<br \/>Advisors: Mar\u00eda Teresa L\u00f3pez Bonal, Antonio Fern\u00e1ndez Caballero<\/p>\n<\/blockquote>\n<p><strong><a href=\"https:\/\/es.linkedin.com\/in\/jonatanm\">Jonatan Mart\u00ednez Mu\u00f1oz <\/a><\/strong><\/p>\n<blockquote>\n<p>Company: VR Developer | Haptic Researcher<br \/>Almer\u00eda, Spain<br \/>Thesis title: \u201cA vibrotactile prototyping toolkit for virtual reality and videogames\u201d<br \/>Date: February 2014<br \/>Advisors: Pascual Gonz\u00e1lez L\u00f3pez, Jos\u00e9 Pascual Molina Mass\u00f3<\/p>\n<\/blockquote>\n<p><strong><a href=\"https:\/\/www.utm.mx\/profesores\/jose_figueroa_martinez.html\">Jose Figueroa Mart\u00ednez<\/a><\/strong><\/p>\n<blockquote>\n<p>Institution: Universidad Tecnol\u00f3gica de la Mixteca<br \/>Oaxaca, Mexico<br \/>Thesis title: \u201cIntegraci\u00f3n de los requerimientos de conciencia situacional y grupal al desarrollo de sistemas colaborativos y din\u00e1micos usando un enfoque basado en modelos\u201d<br \/>Date: November 2012<br \/>Advisors: Francisco Luis Guti\u00e9rrez Vela, V\u00edctor L\u00f3pez Jaquero.<\/p>\n<\/blockquote>\n<p><strong><a href=\"https:\/\/roboticslab.uc3m.es\/roboticslab\/people\/jc-castillo\">Jos\u00e9 Carlos Castillo Montoya<\/a><\/strong><\/p>\n<blockquote>\n<p>Institution: Universidad Carlos III<br \/>Cuenca, Spain<br \/>Thesis title: \u201cInt3-horus: a multilevel framework for intelligent multisensor monitoring and activity interpretation\u201d<br \/>Date: June 2012<br \/>Advisors: Antonio Fernadez Caballero; Mar\u00eda Teresa L\u00f3pez Bonal<\/p>\n<\/blockquote>\n<p><strong><a href=\"https:\/\/kau.academia.edu\/HabibFardoun\/CurriculumVitae\">Habib Moussa Fardoun<\/a><\/strong><\/p>\n<blockquote>\n<p>Institution: King AbdulAziz University<br \/>Jeddah, Saudi Arabia<br \/>Thesis title: \u201cElearniXML: towards a model-based approach for the development of e-learning systems\u201d<br \/>Date: January 2011<br \/>Advisors: Francisco Monterro simarro, V\u00edctor L\u00f3pez Jaquero.<\/p>\n<\/blockquote>\n<p><strong><a href=\"https:\/\/profiles.sussex.ac.uk\/p374121-diego-martinez-plasencia\/publications\">Diego Martinez Plasencia<\/a><\/strong><\/p>\n<blockquote>\n<p>Institution: University College London<br \/>London, United Kingdom<br \/>Thesis title: \u201cFreeCA: A development platform for Collaborative Virtual Environments\u201d<br \/>Date: January 2010<br \/>Advisors: Pascual Gonz\u00e1lez L\u00f3pez, Jos\u00e9 Pascual Molina Mass\u00f3<\/p>\n<\/blockquote>\n<p><strong><a href=\"https:\/\/es.linkedin.com\/in\/marina-sokolova-b4bb2013\">Marina V. Sokolova<\/a><\/strong><\/p>\n<blockquote>\n<p>Institution: South West University, Russia<br \/>Kursk, Russia<br \/>Thesis title: \u201cDeciMaS: An Agent-based Interdisciplinary Framework for Decision Making in Complex Systems\u201d<br \/>Date: October 2010<br \/>Advisor: Antonio Fern\u00e1ndez Caballero<\/p>\n<\/blockquote>\n<p><strong><a href=\"https:\/\/es.linkedin.com\/in\/jos%C3%A9-manuel-gascue%C3%B1a-noheda-36960863\">Jos\u00e9 Manuel Gascue\u00f1a Noheda<\/a><\/strong><\/p>\n<blockquote>\n<p>Institution: Junta de Comunidades de Castilla-La Mancha<br \/>Cuenca, Spain<br \/>Thesis title: \u201cVigilAgent: An agent-based methodology for modeling and implementation of multisensorial surveillance systems\u201d<br \/>Date: May 2010<br \/>Advisors: Antonio Fernadez Caballero; Elena Navarro Mart\u00ednez<\/p>\n<\/blockquote>\n<p><strong><a href=\"https:\/\/www.eps.udl.cat\/ca\/info_sobre\/pdi\/jordi-planes-cid\/\">Monserrat Sendin Veloso<\/a><\/strong><\/p>\n<blockquote>\n<p>Institution: Universitat de Lleida<br \/>Lleida, Spain<br \/>Thesis title: \u201cInfraestructura Software de Soporte al Desarrollo Interfaces de Usuario Pl\u00e1sticas bajo una Visi\u00f3n Dicot\u00f3mica\u201d<br \/>Date: November 2007<br \/>Advisors: C\u00e9sar A. Collazos, V\u00edctor L\u00f3pez Jaquero.<\/p>\n<\/blockquote>\n<p><strong><a href=\"https:\/\/www.dsi.uclm.es\/personal\/JoseEduardoCorcoles\/\">Jos\u00e9 Eduardo C\u00f3rcoles Tendero<\/a><\/strong><\/p>\n<blockquote>\n<p>Institution: Junta de Comunidades de Castilla-La Mancha<br \/>Albacete, Spain<br \/>Thesis title: \u201cIntegraci\u00f3n de Recursos Espaciales y No-Espaciales en la Web: Un Acercamiento a la Web Sem\u00e1ntica Geoespacial\u201d<br \/>Date: October 2005<br \/>Advisor: Pascual Gonz\u00e1lez L\u00f3pez<\/p>\n<\/blockquote>\n<p>[\/et_pb_text][\/et_pb_column][\/et_pb_row][\/et_pb_section]<\/p>\n","protected":false},"excerpt":{"rendered":"<p>Former PhDs now in other Institutions Alejandro Moya Moya Institution: Universidad Aut\u00f3noma de MadridAlbacete, SpainThesis title: \u00abGeneraci\u00f3n Inteligente de Actividades de Telerehabilitaci\u00f3n Basada en Modelos\u00bbDate: December 2024Advisors: Elena Mar\u00eda Navarro Mart\u00ednez and Francisco Javier J\u00e1en Mart\u00ednez\u00a0 Andr\u00e9s Rodr\u00edguez Institution: LIFIA, Facultad de Inform\u00e1tica, Universidad de La PlataLa Plata, ArgentinaThesis title: \u201cBocetado de interacciones enactivas.\u201dDate: November [&hellip;]<\/p>\n","protected":false},"author":1,"featured_media":0,"parent":0,"menu_order":0,"comment_status":"closed","ping_status":"closed","template":"","meta":{"_et_pb_use_builder":"on","_et_pb_old_content":"<!-- wp:heading -->\n<h2>Former PhDs now in other Institutions<\/h2>\n<!-- \/wp:heading -->\n\n<!-- wp:paragraph -->\n<p><strong><a href=\"https:\/\/www.lifia.info.unlp.edu.ar\/personal\/rodriguez-andres\/\">Andr\u00e9s Rodr\u00edguez<\/a><\/strong><\/p>\n<!-- \/wp:paragraph -->\n\n<!-- wp:paragraph -->\n<p>Institution: LIFIA, Facultad de Inform\u00e1tica, Universidad de La Plata<br>La Plata, Argentina<br>Thesis title: \u201cBocetado de interacciones enactivas.\u201d<br>Date: November 2019<br>Advisors:  Gustavo Rossi, Pascual Gonz\u00e1lez L\u00f3pez<\/p>\n<!-- \/wp:paragraph -->\n\n<!-- wp:paragraph -->\n<p><strong><a href=\"https:\/\/es.linkedin.com\/in\/chapujose\">Miguel Oliver Segovia<\/a><\/strong><\/p>\n<!-- \/wp:paragraph -->\n\n<!-- wp:paragraph -->\n<p>Company: INORME S. L.<br>Barcelona, Spain<br>Thesis title: \u201cInteracci\u00f3n multisensorial sin cables en entornos inteligentes de rehabilitaci\u00f3n\u201d<br>Date: January 2019<br>Advisors: Pascual Gonz\u00e1lez L\u00f3pez, Jos\u00e9 Pascual Molina Mass\u00f3<\/p>\n<!-- \/wp:paragraph -->\n\n<!-- wp:paragraph -->\n<p><strong><a href=\"https:\/\/cio.edu.umh.es\/investigadores\/enrique\/\">Enrique Lazcorreta Puigmart\u00ed<\/a><\/strong><\/p>\n<!-- \/wp:paragraph -->\n\n<!-- wp:paragraph -->\n<p>Institution: Universidad Miguel Hern\u00e1ndez<br>Elche, Spain<br>Thesis title: \u201cAn\u00e1lisis de cat\u00e1logos robustos desde la perspectiva de la miner\u00eda de reglas de asociaci\u00f3n\u201d<br>Date: September 2017<br>Advisors: Federico Botella Bevia, Antonio Fern\u00e1ndez Caballero<\/p>\n<!-- \/wp:paragraph -->\n\n<!-- wp:paragraph -->\n<p><strong><a href=\"https:\/\/es.linkedin.com\/in\/cristina-roda-s%C3%A1nchez-4676a791\">Cristina Roda S\u00e1nchez<\/a><\/strong><\/p>\n<!-- \/wp:paragraph -->\n\n<!-- wp:paragraph -->\n<p>Institution: Junta de Comunidades de Castilla-La Mancha<br>Albacete, Spain<br>Thesis title: \u201cA proposal for adaptation in e-health environments\u201d<br>Date: July 2017<br>Advisors: V\u00edctor L\u00f3pez Jaquero; Elena Navarro Mart\u00ednez<\/p>\n<!-- \/wp:paragraph -->\n\n<!-- wp:paragraph -->\n<p><strong><a href=\"https:\/\/www.dlsi.ua.es\/eines\/membre.cgi?id=cas&amp;nom=materuel\">Miguel \u00c1ngel Teruel Mart\u00ednez<\/a><\/strong><\/p>\n<!-- \/wp:paragraph -->\n\n<!-- wp:paragraph -->\n<p>Institution: Universidad de Alicante<br>Alicante, Spain<br>Thesis title: \u201cImproving collaborative post-wimp systems through requirements specification\u201d<br>Date: September 2016<br>Advisors: Pascual Gonz\u00e1lez L\u00f3pez, Elena Navarro Mart\u00ednez<\/p>\n<!-- \/wp:paragraph -->\n\n<!-- wp:paragraph -->\n<p><strong><a href=\"https:\/\/www.lifia.info.unlp.edu.ar\/personal\/rivero-jose-matias\/\">Jose Mat\u00edas Rivero<\/a><\/strong><\/p>\n<!-- \/wp:paragraph -->\n\n<!-- wp:paragraph -->\n<p>Institution: Conicet. LIFIA, Facultad de Inform\u00e1tica, Universidad de La Plata<br>La Plata, Argentina<br>Thesis title: \u201cMockup-driven Development: Introduciendo agilidad en procesos basados en modelos\u201d<br>Date: March 2015<br>Advisors: Silvia Gordillo, Gustavo Rossi, Francisco Montero Simarro<\/p>\n<!-- \/wp:paragraph -->\n\n<!-- wp:paragraph -->\n<p><strong><a href=\"https:\/\/es.linkedin.com\/in\/juan-serrano-cuerda-66487013\">Juan Serrano Cuerda<\/a><\/strong><\/p>\n<!-- \/wp:paragraph -->\n\n<!-- wp:paragraph -->\n<p>Company: TECON S.L.<br>Albacete, Spain<br>Thesis title: \u201cRobust human detection through fusion of color and infrared video\u201d<br>Date: July 2014<br>Advisors: Mar\u00eda Teresa L\u00f3pez Bonal, Antonio Fern\u00e1ndez Caballero<\/p>\n<!-- \/wp:paragraph -->\n\n<!-- wp:paragraph -->\n<p><strong><a href=\"https:\/\/es.linkedin.com\/in\/jonatanm\">Jonatan Mart\u00ednez Mu\u00f1oz <\/a><\/strong><\/p>\n<!-- \/wp:paragraph -->\n\n<!-- wp:paragraph -->\n<p>Company: VR Developer | Haptic Researcher<br>Almer\u00eda, Spain<br>Thesis title: \u201cA vibrotactile prototyping toolkit for virtual reality and videogames\u201d<br>Date: February 2014<br>Advisors: Pascual Gonz\u00e1lez L\u00f3pez, Jos\u00e9 Pascual Molina Mass\u00f3<\/p>\n<!-- \/wp:paragraph -->\n\n<!-- wp:paragraph -->\n<p><strong><a href=\"https:\/\/www.utm.mx\/profesores\/jose_figueroa_martinez.html\">Jose Figueroa Mart\u00ednez<\/a><\/strong><\/p>\n<!-- \/wp:paragraph -->\n\n<!-- wp:paragraph -->\n<p>Institution: Universidad Tecnol\u00f3gica de la Mixteca<br>Oaxaca, Mexico<br>Thesis title: \u201cIntegraci\u00f3n de los requerimientos de conciencia situacional y grupal al desarrollo de sistemas colaborativos y din\u00e1micos usando un enfoque basado en modelos\u201d<br>Date: November 2012<br>Advisors: Francisco Luis Guti\u00e9rrez Vela, V\u00edctor L\u00f3pez Jaquero.<\/p>\n<!-- \/wp:paragraph -->\n\n<!-- wp:paragraph -->\n<p>&nbsp;<strong><a href=\"https:\/\/roboticslab.uc3m.es\/roboticslab\/people\/jc-castillo\">Jos\u00e9 Carlos Castillo Montoya<\/a><\/strong><\/p>\n<!-- \/wp:paragraph -->\n\n<!-- wp:paragraph -->\n<p>Institution: Universidad Carlos III<br>Cuenca, Spain<br>Thesis title: \u201cInt3-horus: a multilevel framework for intelligent multisensor monitoring and activity interpretation\u201d<br>Date: June 2012<br>Advisors: Antonio Fernadez Caballero; Mar\u00eda Teresa L\u00f3pez Bonal<\/p>\n<!-- \/wp:paragraph -->\n\n<!-- wp:paragraph -->\n<p><strong><a href=\"https:\/\/kau.academia.edu\/HabibFardoun\/CurriculumVitae\">Habib Moussa Fardoun<\/a><\/strong><\/p>\n<!-- \/wp:paragraph -->\n\n<!-- wp:paragraph -->\n<p>Institution: King AbdulAziz University&nbsp;<br>Brighton, United Kingdom<br>Thesis title: \u201cFreeCA: A development platform for Collaborative Virtual Environments\u201d<br>Date: January 2011<br>Advisors: Francisco Monterro simarro, V\u00edctor L\u00f3pez Jaquero.<\/p>\n<!-- \/wp:paragraph -->\n\n<!-- wp:paragraph -->\n<p><strong><a href=\"https:\/\/profiles.sussex.ac.uk\/p374121-diego-martinez-plasencia\/publications\">Diego Martinez Plasencia<\/a><\/strong><\/p>\n<!-- \/wp:paragraph -->\n\n<!-- wp:paragraph -->\n<p>Institution: University&nbsp;of Sussex<br>Jeddah, Saudi Arabia<br>Thesis title: \u201cElearniXML: towards a model-based approach for the development of e-learning systems\u201d<br>Date: January 2010<br>Advisors: Pascual Gonz\u00e1lez L\u00f3pez, Jos\u00e9 Pascual Molina Mass\u00f3<\/p>\n<!-- \/wp:paragraph -->\n\n<!-- wp:paragraph -->\n<p><strong><a href=\"https:\/\/es.linkedin.com\/in\/marina-sokolova-b4bb2013\">Marina V. Sokolova<\/a><\/strong><\/p>\n<!-- \/wp:paragraph -->\n\n<!-- wp:paragraph -->\n<p>Institution: South West University, Russia<br>Kursk,&nbsp;Russia<br>Thesis title: \u201cDeciMaS: An Agent-based Interdisciplinary Framework for Decision Making in Complex Systems\u201d<br>Date: October 2010<br>Advisor:  Antonio Fern\u00e1ndez Caballero<\/p>\n<!-- \/wp:paragraph -->\n\n<!-- wp:paragraph -->\n<p><strong><a href=\"https:\/\/es.linkedin.com\/in\/jos%C3%A9-manuel-gascue%C3%B1a-noheda-36960863\">Jos\u00e9 Manuel Gascue\u00f1a Noheda<\/a><\/strong><\/p>\n<!-- \/wp:paragraph -->\n\n<!-- wp:paragraph -->\n<p>Institution: Junta de Comunidades de Castilla-La Mancha<br>Cuenca, Spain<br>Thesis title: \u201cVigilAgent: An agent-based methodology for modeling and implementation of multisensorial surveillance systems\u201d<br>Date: May 2010<br>Advisors: Antonio Fernadez Caballero; Elena Navarro Mart\u00ednez<\/p>\n<!-- \/wp:paragraph -->\n\n<!-- wp:paragraph -->\n<p><strong><a href=\"https:\/\/www.eps.udl.cat\/ca\/info_sobre\/pdi\/jordi-planes-cid\/\">Monserrat Sendin Veloso<\/a><\/strong><\/p>\n<!-- \/wp:paragraph -->\n\n<!-- wp:paragraph -->\n<p>Institution: Universitat de Lleida<br>Lleida, Spain<br>Thesis title: \u201cInfraestructura Software de Soporte al Desarrollo Interfaces de Usuario Pl\u00e1sticas bajo una Visi\u00f3n Dicot\u00f3mica\u201d<br>Date: November 2007<br>Advisors: C\u00e9sar A. Collazos, V\u00edctor L\u00f3pez Jaquero.<\/p>\n<!-- \/wp:paragraph -->\n\n<!-- wp:paragraph -->\n<p><a href=\"https:\/\/www.dsi.uclm.es\/personal\/JoseEduardoCorcoles\/\"><strong>Jos\u00e9 Eduardo C\u00f3rcoles Tendero<\/strong><\/a><\/p>\n<!-- \/wp:paragraph -->\n\n<!-- wp:paragraph -->\n<p>Institution: Junta de Comunidades de Castilla-La Mancha<br>Albacete, Spain<br>Thesis title: \u201cIntegraci\u00f3n de Recursos Espaciales y No-Espaciales en la Web: Un Acercamiento a la Web Sem\u00e1ntica Geoespacial\u201d<br>Date: October 2005<br>Advisor: Pascual Gonz\u00e1lez L\u00f3pez<\/p>\n<!-- \/wp:paragraph -->\n\n<!-- wp:heading -->\n<h2>Former PhDs now at UCLM<\/h2>\n<!-- \/wp:heading -->\n\n<!-- wp:paragraph -->\n<p><strong><a href=\"https:\/\/orcid.org\/0000-0002-5829-7690\">Alicia Fern\u00e1ndez Sotos<\/a><\/strong><\/p>\n<!-- \/wp:paragraph -->\n\n<!-- wp:paragraph -->\n<p>Institution: Universidad de Castilla-La Mancha<br>Albacete, Spain<br>Thesis title: \u201cPercepci\u00f3n de emociones en la m\u00fasica: un estudio de la influencia del par\u00e1metro musical \"duraci\u00f3n\u201d<br>Date: May 2017<br>Advisors: Jos\u00e9 Miguel Latorre Postigo, Antonio Fern\u00e1ndez Caballero<\/p>\n<!-- \/wp:paragraph -->\n\n<!-- wp:paragraph -->\n<p><strong><a href=\"https:\/\/www.dsi.uclm.es\/dpto\/personal.php?codpers=724&amp;curso=2007-08\">Arturo Sim\u00f3n Garc\u00eda Jim\u00e9nez<\/a><\/strong><\/p>\n<!-- \/wp:paragraph -->\n\n<!-- wp:paragraph -->\n<p>Institution: Universidad de Castilla-La Mancha<br>Albacete, Spain<br>Thesis title: \u201cEstudio y Mejoras de la Interacci\u00f3n en Entornos Virtuales Colaborativos\u201d<br>Date: January 2010<br>Advisors: Pascual Gonz\u00e1lez L\u00f3pez, Jos\u00e9 Pascual Molina Mass\u00f3<\/p>\n<!-- \/wp:paragraph -->\n\n<!-- wp:paragraph -->\n<p><a href=\"https:\/\/www.dsi.uclm.es\/personal\/JosePascualMolina\/\"><strong>Jos\u00e9 Pascual Molina Masso<\/strong><\/a><\/p>\n<!-- \/wp:paragraph -->\n\n<!-- wp:paragraph -->\n<p>Institution: Universidad de Castilla-La Mancha<br>Albacete, Spain<br>Thesis title: \u201cUn Enfoque Estructurado para el Desarrollo de Interfaces de Usuario 3D\u201d<br>Date: February 2008<br>Advisor: Pascual Gonz\u00e1lez L\u00f3pez<\/p>\n<!-- \/wp:paragraph -->\n\n<!-- wp:paragraph -->\n<p><strong><a href=\"https:\/\/www.dsi.uclm.es\/personal\/FranciscoMSimarro\/\">Francisco Montero Simarro<\/a><\/strong><\/p>\n<!-- \/wp:paragraph -->\n\n<!-- wp:paragraph -->\n<p>Institution: Universidad de Castilla-La Mancha<br>Albacete, Spain<br>Thesis title: \u201cIntegraci\u00f3n de calidad y experiencia en el desarrollo de interfaces de usuario dirigido por modelo\u201d<br>Date: November 2005<br>Advisors: Mar\u00eda Dolores Lozano P\u00e9rez, Pascual Gonz\u00e1lez L\u00f3pez<\/p>\n<!-- \/wp:paragraph -->\n\n<!-- wp:paragraph -->\n<p><strong><a href=\"https:\/\/www.dsi.uclm.es\/personal\/VictorManuelLopez\/\">V\u00edctor L\u00f3pez Jaquero<\/a><\/strong><\/p>\n<!-- \/wp:paragraph -->\n\n<!-- wp:paragraph -->\n<p>Institution: Universidad de Castilla-La Mancha<br>Albacete, Spain<br>Thesis title: \u201cInterfaces de usuario adaptativas basadas en modelos y agentes software\u201d<br>Date: November 2005<br>Advisors: Pascual Gonz\u00e1lez L\u00f3pez, Antonio Fern\u00e1ndez Caballero<\/p>\n<!-- \/wp:paragraph -->\n\n<!-- wp:paragraph -->\n<p><strong><a href=\"https:\/\/etsiiab.uclm.es\/~jmlova\/index.php\">Jos\u00e9 Mar\u00eda L\u00f3pez Valles<\/a><\/strong><\/p>\n<!-- \/wp:paragraph -->\n\n<!-- wp:paragraph -->\n<p>Institution: Universidad de Castilla-La Mancha<br>Albacete, Spain<br>Thesis title: \u201cEstereopsis y Movimiento. Modelo de Disparidad de Carga: Un Enfoque con Inspiraci\u00f3n Biol\u00f3gica\u201d<br>Date: September 2004<br>Advisors: Miguel \u00c1ngel Fern\u00e1ndez Graciani, Antonio Fern\u00e1ndez Caballero<\/p>\n<!-- \/wp:paragraph -->\n\n<!-- wp:paragraph -->\n<p><strong><a href=\"https:\/\/blog.uclm.es\/marialozano\/contact\/\">Mar\u00eda Dolores Lozano P\u00e9rez<\/a><\/strong><\/p>\n<!-- \/wp:paragraph -->\n\n<!-- wp:paragraph -->\n<p>Institution: Universidad de Castilla-La Mancha<br>Albacete, Spain<br>Thesis title: \u201cMetodol\u00f3gico Orientado a Objetos para la Especificaci\u00f3n y Desarrollo de Interfaces de Usuario\u201d<br>Date: May 2001<br>Advisors: Isidro Ramos Salavert, Pascual Gonz\u00e1lez L\u00f3pez<\/p>\n<!-- \/wp:paragraph -->","_et_gb_content_width":"","footnotes":""},"class_list":["post-37","page","type-page","status-publish","hentry"],"_links":{"self":[{"href":"https:\/\/www.i3a.uclm.es\/louise_w\/index.php?rest_route=\/wp\/v2\/pages\/37","targetHints":{"allow":["GET"]}}],"collection":[{"href":"https:\/\/www.i3a.uclm.es\/louise_w\/index.php?rest_route=\/wp\/v2\/pages"}],"about":[{"href":"https:\/\/www.i3a.uclm.es\/louise_w\/index.php?rest_route=\/wp\/v2\/types\/page"}],"author":[{"embeddable":true,"href":"https:\/\/www.i3a.uclm.es\/louise_w\/index.php?rest_route=\/wp\/v2\/users\/1"}],"replies":[{"embeddable":true,"href":"https:\/\/www.i3a.uclm.es\/louise_w\/index.php?rest_route=%2Fwp%2Fv2%2Fcomments&post=37"}],"version-history":[{"count":20,"href":"https:\/\/www.i3a.uclm.es\/louise_w\/index.php?rest_route=\/wp\/v2\/pages\/37\/revisions"}],"predecessor-version":[{"id":1762,"href":"https:\/\/www.i3a.uclm.es\/louise_w\/index.php?rest_route=\/wp\/v2\/pages\/37\/revisions\/1762"}],"wp:attachment":[{"href":"https:\/\/www.i3a.uclm.es\/louise_w\/index.php?rest_route=%2Fwp%2Fv2%2Fmedia&parent=37"}],"curies":[{"name":"wp","href":"https:\/\/api.w.org\/{rel}","templated":true}]}}