{"id":129,"date":"2016-04-29T11:17:08","date_gmt":"2016-04-29T10:17:08","guid":{"rendered":"http:\/\/www.i3a.uclm.es\/raap\/?page_id=129"},"modified":"2019-04-23T10:52:30","modified_gmt":"2019-04-23T09:52:30","slug":"5-2","status":"publish","type":"page","link":"https:\/\/www.i3a.uclm.es\/raap\/?page_id=129","title":{"rendered":"Perceptual Image and Video Coding"},"content":{"rendered":"<p style=\"text-align: justify;\">The High Efficiency Video Coding is the new video coding standard, which obtains over 50% bit rate savings compared with H.264\/AVC for the same perceptual quality. Encoding in HEVC achieves a very high performance at the expense of significant increase of the computational complexity, due to the new flexible quad-tree picture partitioning and the high density of angular prediction modes, among other new features or improvements from previous video standards.<\/p>\n<p style=\"text-align: justify;\">So, approaches based on perception and comprehension of image and video content which has to be encoded could help us to propose novel content based algorithms, by processing the information stored within an image and its meaning. For example, according with the dominant gradient detection of an image, we can get a reduced set of directional candidate HEVC modes to be further checked by the rate-distortion optimization stage at the encoder.<\/p>\n<div class=\"page\" style=\"text-align: left;\" title=\"Page 6\">\n<div class=\"page\" title=\"Page 6\"><\/div>\n<div class=\"page\" title=\"Page 6\"><span style=\"font-size: 14pt;\"><img loading=\"lazy\" decoding=\"async\" class=\"size-large wp-image-646 alignleft\" src=\"http:\/\/www.i3a.uclm.es\/raap\/wp-content\/uploads\/2016\/04\/g1.png\" alt=\"\" width=\"139\" height=\"139\" \/>\u00a0<img loading=\"lazy\" decoding=\"async\" class=\"wp-image-645 alignnone\" src=\"http:\/\/www.i3a.uclm.es\/raap\/wp-content\/uploads\/2016\/04\/g2.png\" alt=\"\" width=\"305\" height=\"222\" srcset=\"https:\/\/www.i3a.uclm.es\/raap\/wp-content\/uploads\/2016\/04\/g2.png 396w, https:\/\/www.i3a.uclm.es\/raap\/wp-content\/uploads\/2016\/04\/g2-300x218.png 300w\" sizes=\"auto, (max-width: 305px) 100vw, 305px\" \/><img loading=\"lazy\" decoding=\"async\" class=\"wp-image-644 alignnone\" src=\"http:\/\/www.i3a.uclm.es\/raap\/wp-content\/uploads\/2016\/04\/g3.png\" alt=\"\" width=\"199\" height=\"203\" srcset=\"https:\/\/www.i3a.uclm.es\/raap\/wp-content\/uploads\/2016\/04\/g3.png 307w, https:\/\/www.i3a.uclm.es\/raap\/wp-content\/uploads\/2016\/04\/g3-294x300.png 294w\" sizes=\"auto, (max-width: 199px) 100vw, 199px\" \/><\/span><\/div>\n<div class=\"page\" title=\"Page 6\">\n<p style=\"text-align: justify;\">Perceptual encoders will be developed for the HEVC video standard using contrast sensitivity, contrast and luminance masking, adaptive quantifiers, and pixel and transform domain analysis.<\/p>\n<\/div>\n<div class=\"page\" title=\"Page 6\"><span style=\"font-size: 14pt;\">Topics:<\/span><\/div>\n<div class=\"page\" title=\"Page 6\"><\/div>\n<ul>\n<li>HEVC encoding stream reduction techniques based on the dynamic variation of the block quantizer.<\/li>\n<li>HEVC encoding time reduction techniques based on perceptual techniques.<\/li>\n<\/ul>\n<\/div>\n<p style=\"text-align: left;\"><span style=\"font-size: 14pt;\">Relevant Publications:<\/span><\/p>\n<ul style=\"text-align: left;\">\n<li style=\"text-align: justify;\">Jos\u00e9 Dami\u00e1n Ruiz Coll; Gerardo Fern\u00e1ndez-Escribano; Jos\u00e9 Luis Mart\u00ednez Mart\u00ednez; Pedro \u00c1ngel Cuenca Castillo. <strong>Fast intra mode decision algorithm based on texture orientation detection in HEVC<\/strong> SIGNAL PROCESSING-IMAGE COMMUNICATION. . 44, pp. 12 &#8211; 28. (Holland): 2016. ISSN 0923-5965.<\/li>\n<\/ul>\n<p><span style=\"font-size: 14pt;\">Relevant Projects:<\/span><\/p>\n<ul>\n<li><strong><a href=\"http:\/\/www.i3a.uclm.es\/raap\/?page_id=723\">Techniques to improve the architecture of servers, applications and services.<br \/>\n<\/a><\/strong>We develop research on chip-multicore architecture and on-chip networks, aiming at increasing performance, reducing power consumption, increasing reliability by means of providing fault-tolerance support, increasing flexibility through virtualization techniques, and reducing silicon area.<\/li>\n<\/ul>\n<p style=\"text-align: left;\"><span style=\"font-size: 14pt;\">People:<\/span><\/p>\n<table>\n<tbody>\n<tr style=\"height: 6px;\">\n<td style=\"width: 110px; text-align: left; vertical-align: top;\"><img loading=\"lazy\" decoding=\"async\" class=\"alignnone size-full wp-image-197\" src=\"http:\/\/www.i3a.uclm.es\/raap\/wp-content\/uploads\/2016\/04\/GFE-photo-web-150x100.jpg\" alt=\"\" width=\"100\" height=\"150\" \/><\/td>\n<td style=\"text-align: left; vertical-align: middle;\"><strong>Gerardo Fern\u00e1ndez-Escribano, PhD<\/strong><br \/>\nAssociate Professor<br \/>\nPhone number: +34 967 599 200 \u2013 Ext. 2034<br \/>\nEmail:\u00a0<a class=\"moz-txt-link-abbreviated\" href=\"mailto:Gerardo.Fernandez@uclm.es\">Gerardo.Fernandez@uclm.es<\/a>\u00a0<a href=\"http:\/\/orcid.org\/0000-0002-0037-2061\" target=\"_blank\" rel=\"noopener noreferrer\"><img loading=\"lazy\" decoding=\"async\" class=\"alignnone wp-image-393\" src=\"http:\/\/www.i3a.uclm.es\/raap\/wp-content\/uploads\/2016\/04\/iD-icon.png\" alt=\"iD icon\" width=\"16\" height=\"16\" \/><\/a>\u00a0<a href=\"http:\/\/dblp.uni-trier.de\/pers\/hd\/f\/Fern=aacute=ndez=Escribano:Gerardo\" target=\"_blank\" rel=\"noopener noreferrer\"><img loading=\"lazy\" decoding=\"async\" class=\"alignnone size-full wp-image-400\" src=\"http:\/\/www.i3a.uclm.es\/raap\/wp-content\/uploads\/2016\/05\/dblp.icon_.18x18.png\" alt=\"dblp.icon.18x18\" width=\"18\" height=\"18\" \/><\/a><\/td>\n<\/tr>\n<tr style=\"height: 24px;\">\n<td style=\"width: 110px; text-align: left; vertical-align: top;\">\u00a0<img loading=\"lazy\" decoding=\"async\" class=\"alignnone size-full wp-image-539\" src=\"http:\/\/www.i3a.uclm.es\/raap\/wp-content\/uploads\/2016\/04\/images.jpeg\" alt=\"\" width=\"203\" height=\"249\" \/><\/td>\n<td style=\"text-align: left; vertical-align: middle;\">\u00a0<strong>Dami\u00e1n Ruiz Coll, PhD<br \/>\n<\/strong>Research Assistant<br \/>\nEmail:\u00a0<a href=\"mailto:damian.ruiz.coll@gmail.com\">damian.ruiz.coll@gmail.com<\/a>\u00a0<a href=\"http:\/\/dblp.uni-trier.de\/pers\/hd\/r\/Ruiz=Coll:Damian\" target=\"_blank\" rel=\"noopener noreferrer\"><img loading=\"lazy\" decoding=\"async\" class=\"alignnone wp-image-400 size-full\" src=\"http:\/\/www.i3a.uclm.es\/raap\/wp-content\/uploads\/2016\/05\/dblp.icon_.18x18.png\" alt=\"dblp.icon.18x18\" width=\"18\" height=\"18\" \/><\/a><\/td>\n<\/tr>\n<p><!--\n\n\n<tr style=\"height: 6px;\">\n\n\n<td style=\"width: 110px; text-align: left; vertical-align: top; height: 168px;\"><img loading=\"lazy\" decoding=\"async\" class=\"alignnone size-full wp-image-689\" src=\"http:\/\/www.i3a.uclm.es\/raap\/wp-content\/uploads\/2016\/04\/Foto.jpg\" alt=\"\" width=\"100\" height=\"150\" \/><\/td>\n\n\n\n\n<td style=\"text-align: left; vertical-align: middle; height: 168px;\"><strong>Elena Georgiana Paraschiv<\/strong>\nPhD student\nPhone number: +34 967 599 200 - Ext. 96276\nEmail: <a href=\"mailto:elenag.paraschiv@uclm.es\">elenag.paraschiv@uclm.es<\/a><\/td>\n\n\n<\/tr>\n\n\n--><\/tbody>\n<\/table>\n","protected":false},"excerpt":{"rendered":"<p>The High Efficiency Video Coding is the new video coding standard, which obtains over 50% bit rate savings compared with H.264\/AVC for the same perceptual quality. Encoding in HEVC achieves a very high performance at the expense of significant increase of the computational complexity, due to the new flexible quad-tree picture partitioning and the high density of angular prediction modes, among other new features or improvements from previous video standards. So, approaches based on perception and comprehension of image and video content which has to be encoded could help us&hellip;<\/p>\n","protected":false},"author":1,"featured_media":0,"parent":23,"menu_order":0,"comment_status":"closed","ping_status":"closed","template":"","meta":{"footnotes":""},"class_list":["post-129","page","type-page","status-publish","hentry"],"_links":{"self":[{"href":"https:\/\/www.i3a.uclm.es\/raap\/index.php?rest_route=\/wp\/v2\/pages\/129","targetHints":{"allow":["GET"]}}],"collection":[{"href":"https:\/\/www.i3a.uclm.es\/raap\/index.php?rest_route=\/wp\/v2\/pages"}],"about":[{"href":"https:\/\/www.i3a.uclm.es\/raap\/index.php?rest_route=\/wp\/v2\/types\/page"}],"author":[{"embeddable":true,"href":"https:\/\/www.i3a.uclm.es\/raap\/index.php?rest_route=\/wp\/v2\/users\/1"}],"replies":[{"embeddable":true,"href":"https:\/\/www.i3a.uclm.es\/raap\/index.php?rest_route=%2Fwp%2Fv2%2Fcomments&post=129"}],"version-history":[{"count":12,"href":"https:\/\/www.i3a.uclm.es\/raap\/index.php?rest_route=\/wp\/v2\/pages\/129\/revisions"}],"predecessor-version":[{"id":1084,"href":"https:\/\/www.i3a.uclm.es\/raap\/index.php?rest_route=\/wp\/v2\/pages\/129\/revisions\/1084"}],"up":[{"embeddable":true,"href":"https:\/\/www.i3a.uclm.es\/raap\/index.php?rest_route=\/wp\/v2\/pages\/23"}],"wp:attachment":[{"href":"https:\/\/www.i3a.uclm.es\/raap\/index.php?rest_route=%2Fwp%2Fv2%2Fmedia&parent=129"}],"curies":[{"name":"wp","href":"https:\/\/api.w.org\/{rel}","templated":true}]}}