{"id":151,"date":"2016-04-29T11:39:34","date_gmt":"2016-04-29T10:39:34","guid":{"rendered":"http:\/\/www.i3a.uclm.es\/raap\/?page_id=151"},"modified":"2025-12-05T13:48:00","modified_gmt":"2025-12-05T12:48:00","slug":"former-phds-now-in-other-institutions","status":"publish","type":"page","link":"https:\/\/www.i3a.uclm.es\/raap\/?page_id=151","title":{"rendered":"Former PhDs now in other Institutions"},"content":{"rendered":"<div class=\"entry-content\">\n<ul>\n<li>\n<div class=\"elementToProof\"><b>Luis Roda S\u00e1nchez, PhD<\/b><\/div>\n<div class=\"elementToProof\">Institution: Universidad de Castilla-La Mancha<\/div>\n<div class=\"elementToProof\">Assistant Professor<\/div>\n<div class=\"elementToProof\">Albacete, Spain<\/div>\n<div class=\"elementToProof\">Thesis title: \u201cContributions to Human-Machine Interaction and Edge Orchestration Towards the Industrial Internet of Things\u201d<\/div>\n<div class=\"elementToProof\">Date: December 2022<\/div>\n<div class=\"elementToProof\">Advisors: Teresa Olivares Montes, Antonio Fern\u00e1ndez Caballero, and Fernando Royo S\u00e1nchez<\/div>\n<\/li>\n<li>\n<div class=\"elementToProof\"><b>Celia Garrido Hidalgo, PhD<\/b><\/div>\n<div class=\"elementToProof\">Institution: Universidad de Castilla-La Mancha<\/div>\n<div class=\"elementToProof\">Associate Professor<\/div>\n<div class=\"elementToProof\">Albacete, Spain<\/div>\n<div class=\"elementToProof\">Thesis title: \u201cScalable End-to-End Internet of Things Solutions for Reverse Supply Chain Management\u201d<\/div>\n<div class=\"elementToProof\">Date: November 2022<\/div>\n<div class=\"elementToProof\">Advisors: Antonio Fern\u00e1ndez Caballero, Teresa Olivares Montes, and Francisco Javier Ram\u00edrez Fern\u00e1ndez<\/div>\n<\/li>\n<li>\n<div dir=\"ltr\"><strong>Jos\u00e9 Manuel Rocher Gonz\u00e1lez, PhD<\/strong><\/div>\n<div dir=\"ltr\">Company: OpenChip Technologies (<a href=\"https:\/\/openchip.com\" target=\"_blank\" rel=\"noopener\">https:\/\/openchip.com<\/a>)<\/div>\n<div dir=\"ltr\">PhD Senior Engineer<\/div>\n<div dir=\"ltr\">T\u00edtulo de la tesis: Design of Congestion Management Strategies for High-Performance Interconnection Networks Using Adaptive Routing<\/div>\n<div dir=\"ltr\">Fecha defensa: 16\/10\/2023<\/div>\n<div dir=\"ltr\">Advisors: Jes\u00fas Escudero Sahuquillo, Pedro Javier Garc\u00eda Garc\u00eda<\/div>\n<\/li>\n<li>\n<div class=\"elementToProof\"><strong>Javier Carrillo Mond\u00e9jar, PhD<\/strong><\/div>\n<div class=\"elementToProof\"><span class=\"ContentPasted0\">Institution: Universidad de Zaragoza<\/span><\/div>\n<div class=\"elementToProof\"><span class=\"ContentPasted0 ContentPasted3\">Postdoctoral researcher<\/span><\/div>\n<div class=\"elementToProof\"><span class=\"ContentPasted0\">Zaragoza, Spain<\/span><\/div>\n<div class=\"elementToProof\"><span class=\"ContentPasted0\">Thesis title: \u201cModeling, Analysis, and Detection of Threats in the Internet-Of-Things Ecosystem\u201d<\/span><\/div>\n<div class=\"elementToProof\"><span class=\"ContentPasted0\">Date: November 2022<\/span><\/div>\n<div class=\"elementToProof\"><span class=\"ContentPasted0\">Advisors: Jos\u00e9 Luis Mart\u00ednez Mart\u00ednez and Guilermo Suarez de Tangil<\/span><\/div>\n<\/li>\n<li><strong>David Garc\u00eda Lucas, PhD<\/strong>\n<div class=\"ContentPasted0\">Institution: Universidad de Oviedo<\/div>\n<div class=\"ContentPasted0\">Profesor Ayudante Doctor<\/div>\n<div class=\"ContentPasted0\">Oviedo, Spain<\/div>\n<div class=\"ContentPasted0\">Thesis title: \u201cFast HEVC-to-VVC video transcoding based on a machine learning approach\u201d<\/div>\n<div class=\"ContentPasted0\">Date: December 2021<br \/>\nAdvisors: Gabriel Cebri\u00e1n M\u00e1rquez and Antonio Jes\u00fas D\u00edaz Honrubia<\/div>\n<\/li>\n<li><span style=\"color: #333333;\"><strong>Juan Jos\u00e9 Garc\u00eda-Castro Crespo, PhD<\/strong><br \/>\nCompany: ARM Labs (<a href=\"https:\/\/www.arm.com\/\" target=\"_blank\" rel=\"noopener\">https:\/\/www.arm.com\/<\/a>)<br \/>\nCPU Performance Modelling Engineer<br \/>\nCambridge, United Kingdom<br \/>\nThesis title: \u201cReconfiguraci\u00f3n progresiva ascendente para redes de alto rendimiento\u201d<br \/>\nDate: November, 2021<br \/>\n<\/span>Advisors: Jos\u00e9 Luis S\u00e1nchez Garc\u00eda, D. Francisco Jos\u00e9 Alfaro Cort\u00e9s and D. Jos\u00e9 Flich Cardo<\/li>\n<li><span style=\"color: #333333;\"><strong>Javier Cano, PhD<\/strong><br \/>\nCompany: Red Hat (<a href=\"http:\/\/www.redhat.com\/\">http:\/\/www.redhat.com<\/a>)<br \/>\nAssociate Software Engineer<br \/>\nRemote, Spain<br \/>\nThesis title: \u201cEnabling Quality of Service in Hierarchical Switch Architectures&#8221;<br \/>\nDate: September, 2021<br \/>\nAdvisors: Francisco Jos\u00e9 And\u00fajar Mu\u00f1\u00f3z and Francisco Jos\u00e9 Alfaro Cort\u00e9s<br \/>\n<\/span><\/li>\n<li><span style=\"color: #333333;\"><strong>German Maglione Mathey, PhD<\/strong><br \/>\nCompany: Red Hat (<a href=\"http:\/\/www.redhat.com\/\">http:\/\/www.redhat.com<\/a>)<br \/>\nSenior Software Engineer<br \/>\nRemote, Spain<br \/>\nThesis title: \u201cEfficient routing, job-isolation and congestion control\u00a0techniques in commercial interconnection networks\u201d<br \/>\nDate: September, 2021<br \/>\nAdvisors: Pedro Javier Garc\u00eda Garc\u00eda and Jes\u00fas Escudero Sahuquillo<\/span><\/li>\n<li><span style=\"color: #333333;\"><strong>Miguel Mart\u00ednez del Horno<\/strong><br \/>\nCompany: Azulei<br \/>\nIngeniero de software I+D<br \/>\nMadrid, Spain<br \/>\nThesis title: &#8220;Contributions to wireless-based indoor localization and tracking systems&#8221;<br \/>\nDate: September 2021<br \/>\nAdvisors: Luis Orozco Barbosa and Ismael Garc\u00eda Varea<br \/>\n<\/span><\/li>\n<li><strong>Diego Hortelano Haro, PhD<br \/>\n<\/strong>Institution: Universidad Rey Juan Carlos\u00a0(https:\/\/www.urjc.es\/)<strong><br \/>\n<\/strong>Associate Professor<br \/>\nMadrid, Spain<br \/>\n<span lang=\"EN-US\"><span lang=\"EN-US\">Thesis title: &#8220;Improvements to bluetooth low energy and bluetooth mesh towards the new generation of iot-based heterogeneous networks<\/span><\/span>&#8221;<br \/>\nDate: December 2020<br \/>\nAdvisors: Teresa Olivares Montes, Mar\u00eda del Carmen Ruiz Delgado<\/li>\n<li><strong>Pedro Y\u00e9benes Segura, PhD<\/strong><br \/>\nCompany: Intel<br \/>\n<span style=\"color: #333333;\">Cloud Solutions Architect<\/span><br \/>\nSanta Clara, California, USA<br \/>\nThesis title: \u201cNew Queuing Schemes to Improve the Efficiency of Hybrid and Hierarchical High-Performance Interconnection Network Topologies\u201d<br \/>\nDate: November 2018<br \/>\nAdvisors: Jes\u00fas Escudero Sahuquillo and Pedro Javier Garc\u00eda<\/li>\n<li><strong>Manuel Castillo Cara, PhD<\/strong><b><br \/>\n<\/b>Institution: <span style=\"color: #333333;\">Universidad Nacional de Educaci\u00f3n a Distancia <\/span>(<a href=\"https:\/\/www.uned.es\/universidad\/inicio.html\" target=\"_blank\" rel=\"noopener\">https:\/\/www.uned.es<\/a>)<br \/>\nProfessor<br \/>\n<span lang=\"EN-US\">Thesis title: &#8220;Contributions to the Advancement of Wireless Indoor Localization Techniques: Signal Characterization and Distributed Computing<\/span>&#8221;<br \/>\nDate: July 2018<br \/>\nAdvisors:\u00a0Ismael Garc\u00eda Varea and Luis Orozco Barbosa<\/li>\n<li><strong>Julio Ricardo Proa\u00f1o Orellana, PhD<\/strong><b><br \/>\n<\/b>Institution: Universidad Polit\u00e9cnica Salesiana de Ecuador \u00a0(<a href=\"https:\/\/www.ups.edu.ec\">https:\/\/www.ups.edu.ec<\/a>)<br \/>\nProfessor<br \/>\nQuito, Peru<br \/>\n<span lang=\"EN-US\">Thesis title: &#8220;<\/span><span lang=\"EN-US\">Proposals for Efficient Management of FPGAs within Cloud Computing Environments&#8221;<br \/>\n<\/span>Date: May 2017<br \/>\nAdvisors:\u00a0Carmen Carri\u00f3n, M\u00aa Blanca Caminero<\/li>\n<li><strong>Antonio Jes\u00fas D\u00edaz Honrubia, PhD<\/strong><br \/>\nInstitution: Universidad Polit\u00e9cnica de Madrid<br \/>\nProfesor Ayudante Doctor<br \/>\nMadrid, Spain<br \/>\nThesis title: \u201cH.264\/AVC and HEVC Collaborative Video Coding\u201d<br \/>\nDate: November 2016<br \/>\nAdvisors: Pedro \u00c1ngel Cuenca Castillo and Jos\u00e9 Luis Mart\u00ednez Mart\u00ednez<\/li>\n<li><strong>Jos\u00e9 Dami\u00e1n Ruiz Coll, PhD<\/strong><br \/>\nInstitution: Universidad Rey Juan Carlos (<a href=\"https:\/\/www.urjc.es\">https:\/\/www.urjc.es<\/a>)<br \/>\nProfesor visitante<br \/>\nMadrid, Spain<br \/>\nThesis title: &#8220;<span lang=\"EN-US\">Low Complexity HEVC Intra Coding<\/span>&#8221;<br \/>\nDate:\u00a0January 2106<br \/>\nAdvisor:\u00a0Jos\u00e9 Luis Mart\u00ednez and Gerardo Fern\u00e1ndez Escribano<\/li>\n<li><strong>Francisco Jos\u00e9 And\u00fajar Mu\u00f1oz, PhD<\/strong><br \/>\nInstitution: Universidad de Valladolid (<a href=\"http:\/\/www.uva.es\/\" target=\"_blank\" rel=\"noopener\">http:\/\/www.uva.es\/<\/a>)<br \/>\nAssistant Professor<br \/>\nValladolid, Espa\u00f1a<br \/>\nThesis title: \u201cN-Dimensional Twin torus: Formalization, routing strategies and optimal configuration\u201d<br \/>\nDate: December 2015<br \/>\nAdvisors: Jos\u00e9 Luis S\u00e1nchez Garc\u00eda, Francisco Jos\u00e9 Alfaro Cort\u00e9s<\/li>\n<li><strong>Mar\u00eda \u00c1ngeles Serna Moreno, PhD<\/strong><br \/>\nCompany: Everis\u00a0(<a href=\"http:\/\/www.everis.com\">http:\/\/www.everis.com<\/a>)<br \/>\nAlicante,\u00a0Spain<br \/>\nThesis title: \u201cEstrategias de Monitorizaci\u00f3n de Incendios Forestales mediante Redes Inal\u00e1mbricas de Sensores Aut\u00f3nomas\u201d<br \/>\nDate: July 2013<br \/>\nAdvisors: Rafael Casado Gonz\u00e1lez and Aurelio Berm\u00fadez Mar\u00edn<\/li>\n<li><strong>Francisco Trivi\u00f1o Garc\u00eda, PhD<br \/>\n<\/strong>Company: Red Hat (<a href=\"http:\/\/www.redhat.com\">http:\/\/www.redhat.com<\/a>)<br \/>\n<span style=\"color: #333333;\">Principal Software Engineer<\/span><br \/>\nRemote, Spain<br \/>\nThesis title: \u201cEfficient, Scalable and Cost-Effective Reconfiguration, Virtualization and Fault-Tolerance Support for On-Chip Networks\u201d<br \/>\nDate: June 2013<br \/>\nAdvisors: Francisco Jos\u00e9 Alfaro Cort\u00e9s and Jos\u00e9 Luis S\u00e1nchez Garc\u00eda<\/li>\n<li><strong>Rafael Rodr\u00edguez S\u00e1nchez,\u00a0PhD<\/strong><br \/>\nInstitution: Universidad Complutense de Madrid (<a href=\"http:\/\/www.ucm.es\">http:\/\/www.ucm.es<\/a>)<br \/>\nAssistant Professor<br \/>\nMadrid, Spain<br \/>\nThesis title:\u201d2D and 3D H.264 Inter Prediction Algorithms for GPU\u2013based heterogeneous architectures\u201d<br \/>\nDate: February 2013<br \/>\nAdvisors: Jos\u00e9 Luis Mart\u00ednez Mart\u00ednez, Jos\u00e9 Manuel Claver Iborra and Jos\u00e9 Luis S\u00e1nchez Garc\u00eda<\/li>\n<li><strong>Alberto Corrales Garc\u00eda,\u00a0PhD<\/strong><br \/>\nCompany: Entelgy (<a href=\"http:\/\/www.entelgy.com\/\">http:\/\/www.entelgy.com\/<\/a>)<br \/>\nSoftware Analyst Developer<br \/>\nMadrid, Spain<br \/>\nThesis title: \u201cEfficient Wyner-Ziv To H.264\/Avc-Svc Transcoding\u201d<br \/>\nDate: October 2012<br \/>\nAdvisors: Jos\u00e9 Luis Mart\u00ednez, Gerardo Fern\u00e1ndez and Francisco Jose Quiles Flor<\/li>\n<li><strong>Rosario Garrido Cantos,\u00a0PhD<\/strong><br \/>\nCompany: Innova-TSN (<a href=\"http:\/\/www.innova-tsn.es\/\">http:\/\/www.innova-tsn.es\/<\/a>)<br \/>\nConsultora Business Intelligence<br \/>\nMadrid, Spain<br \/>\nThesis title: \u201cTemporal Video Transcoding from H.264\/AVC-to-SVC\u201d<br \/>\nDate: April, 2012<br \/>\nAdvisors: Jos\u00e9 Luis Mart\u00ednez Mart\u00ednez, Pedro Cuenca Castillo and Antonio Garrido<\/li>\n<li><strong>Fernando Royo S\u00e1nchez,\u00a0PhD<\/strong><br \/>\nCompany: Red Hat (<a href=\"http:\/\/www.redhat.com\">http:\/\/www.redhat.com<\/a>)<br \/>\nSenior Software engineer<br \/>\nRemote, Spain<br \/>\nThesis title: \u201cImproving Performance on MAC Protocols for Wireless Sensor Networks\u201d<br \/>\nDate: April, 2012<br \/>\nAdvisors: Teresa Olivares Montes and Luis Orozco Barbosa<\/li>\n<li><strong>Luis Tom\u00e1s Bol\u00edvar,\u00a0PhD<br \/>\n<\/strong>Company: Red Hat (<a href=\"http:\/\/www.redhat.com\">http:\/\/www.redhat.com<\/a>)<br \/>\n<span style=\"color: #333333;\">Principal Software Engineer<\/span><br \/>\nRemote, Spain<br \/>\nThesis title: \u201cImproving Quality of Service in Grids Through Meta-Scheduling in Advance\u201d<br \/>\nDate: February, 2012<br \/>\nAdvisors: Carmen Carri\u00f3n Espinosa and Blanca Caminero Herr\u00e1ez<\/li>\n<li><strong>Antonio M. Ortiz Torres,\u00a0PhD<\/strong><br \/>\nCompany: Norce (<a href=\"https:\/\/www.norceresearch.no\/en\" target=\"_blank\" rel=\"noopener\">https:\/\/www.norceresearch.no\/en<\/a>)<br \/>\nRemote, Spain<br \/>\nThesis title: \u201c T\u00e9cnicas de Enrutamiento inteligente para redes de sensores inal\u00e1mbricos\u201d<br \/>\nDate: July 2011<br \/>\nAdvisors: Teresa Olivares Montes and Luis Orozco Barbosa<\/li>\n<li><strong>Agust\u00edn C. Caminero Herr\u00e1ez,\u00a0PhD<\/strong><br \/>\nInstitution: Dpto de Sistemas de Comunicaci\u00f3n y Control (<a href=\"http:\/\/www.scc.uned.es\/index.htm\">http:\/\/www.scc.uned.es\/index.htm<\/a>\u00a0)(Universidad Nacional de Educaci\u00f3n a Distancia)<br \/>\nMadrid, Spain<br \/>\nThesis title: \u201cProposals for Enhancing the Provision of Quality of Service in Grids\u201d<br \/>\nDate: May 2009<br \/>\nAdvisors: Carmen Carri\u00f3n Espinosa and Blanca Caminero Herr\u00e1ez<\/li>\n<li><strong>Antonio Robles G\u00f3mez,\u00a0PhD<\/strong><br \/>\nInstitution: Dpto de Sistemas de Comunicaci\u00f3n y Control (<a href=\"http:\/\/www.scc.uned.es\/index.htm\">http:\/\/www.scc.uned.es\/index.htm<\/a>\u00a0)(Universidad Nacional de Educaci\u00f3n a Distancia)<br \/>\nMadrid, Spain<br \/>\nThesis title: \u201cProviding Efficient Management Mechanism for Source Routing Networks\u201d<br \/>\nDate: October 2008<br \/>\nAdvisors: Rafael Casado Gonz\u00e1lez and Aurelio Berm\u00fadez Mar\u00edn<\/li>\n<li><strong>Ra\u00fal Mart\u00ednez Mor\u00e1is,\u00a0PhD<\/strong><br \/>\nCompany: Oracle Labs (<a href=\"https:\/\/labs.oracle.com\/pls\/apex\/f?p=94065:23:528884141563::NO::P23_LOCATION_ID:68\">https:\/\/labs.oracle.com<\/a>)<br \/>\nVancouver, British Columbia, Canada<br \/>\nThesis title: \u201cProviding Quality of Service in Systems Based on Advanced Switching\u201d<br \/>\nDate: July 2007<br \/>\nAdvisors: Jos\u00e9 Luis S\u00e1nchez Garc\u00eda and Francisco Jos\u00e9 Alfaro Cort\u00e9s<\/li>\n<li><strong>Alejandro Mart\u00ednez Vicente,\u00a0PhD<\/strong><br \/>\nCompany: ARM Ltd. (<a href=\"https:\/\/www.arm.com\">https:\/\/www.arm.com<\/a>)<br \/>\nCambridge, United Kingdom<br \/>\nThesis title: \u201cEfficient QoS Support for High-Performance Interconnects\u201d<br \/>\nDate: June 2007<br \/>\nAdvisors: Francisco Jos\u00e9 Alfaro Cort\u00e9s and Jos\u00e9 Luis S\u00e1nchez Garc\u00eda<\/li>\n<\/ul>\n<\/div>\n","protected":false},"excerpt":{"rendered":"<p>Luis Roda S\u00e1nchez, PhD Institution: Universidad de Castilla-La Mancha Assistant Professor Albacete, Spain Thesis title: \u201cContributions to Human-Machine Interaction and Edge Orchestration Towards the Industrial Internet of Things\u201d Date: December 2022 Advisors: Teresa Olivares Montes, Antonio Fern\u00e1ndez Caballero, and Fernando Royo S\u00e1nchez Celia Garrido Hidalgo, PhD Institution: Universidad de Castilla-La Mancha Associate Professor Albacete, Spain Thesis title: \u201cScalable End-to-End Internet of Things Solutions for Reverse Supply Chain Management\u201d Date: November 2022 Advisors: Antonio Fern\u00e1ndez Caballero, Teresa Olivares Montes, and Francisco Javier Ram\u00edrez Fern\u00e1ndez Jos\u00e9 Manuel Rocher Gonz\u00e1lez, PhD Company: OpenChip&hellip;<\/p>\n","protected":false},"author":1,"featured_media":0,"parent":0,"menu_order":0,"comment_status":"closed","ping_status":"closed","template":"","meta":{"footnotes":""},"class_list":["post-151","page","type-page","status-publish","hentry"],"_links":{"self":[{"href":"https:\/\/www.i3a.uclm.es\/raap\/index.php?rest_route=\/wp\/v2\/pages\/151","targetHints":{"allow":["GET"]}}],"collection":[{"href":"https:\/\/www.i3a.uclm.es\/raap\/index.php?rest_route=\/wp\/v2\/pages"}],"about":[{"href":"https:\/\/www.i3a.uclm.es\/raap\/index.php?rest_route=\/wp\/v2\/types\/page"}],"author":[{"embeddable":true,"href":"https:\/\/www.i3a.uclm.es\/raap\/index.php?rest_route=\/wp\/v2\/users\/1"}],"replies":[{"embeddable":true,"href":"https:\/\/www.i3a.uclm.es\/raap\/index.php?rest_route=%2Fwp%2Fv2%2Fcomments&post=151"}],"version-history":[{"count":38,"href":"https:\/\/www.i3a.uclm.es\/raap\/index.php?rest_route=\/wp\/v2\/pages\/151\/revisions"}],"predecessor-version":[{"id":1802,"href":"https:\/\/www.i3a.uclm.es\/raap\/index.php?rest_route=\/wp\/v2\/pages\/151\/revisions\/1802"}],"wp:attachment":[{"href":"https:\/\/www.i3a.uclm.es\/raap\/index.php?rest_route=%2Fwp%2Fv2%2Fmedia&parent=151"}],"curies":[{"name":"wp","href":"https:\/\/api.w.org\/{rel}","templated":true}]}}